?
1204a0
-504421 (base 10) to base 14
-d1b81
-1001110001000010000 (base 2) to base 13
-b2878
What is 1380a8 (base 13) in base 4?
1303321002
-595623 (base 15) to base 3
-22000222101020
What is 13032303223 (base 4) in base 7?
22053463
What is -2301121 (base 5) in base 2?
-1001111101010010
Convert -212212110 (base 3) to base 16.
-43f8
What is 103231131013 (base 4) in base 11?
2a09a8a
148728 (base 10) to base 14
3c2b6
What is -2012100111102 (base 3) in base 16?
-11d35c
1011100011011100110 (base 2) to base 13
10342c
What is 13324 (base 8) in base 4?
1123110
Convert -133320203321 (base 4) to base 8.
-37704371
-ab3dc (base 16) to base 2
-10101011001111011100
acad7 (base 16) to base 2
10101100101011010111
Convert 260990 (base 11) to base 7.
3331435
What is -28988c (base 15) in base 7?
-22424535
What is -477747 (base 8) in base 14?
-439b1
Convert -444b4 (base 12) to base 4.
-112013020
Convert 1111110011010001 (base 2) to base 14.
1982d
What is 37cc0d (base 16) in base 3?
20212210001222
Convert -2a30973 (base 12) to base 14.
-11bc527
What is 12202415 (base 6) in base 15?
7a592
Convert 20122302223 (base 4) to base 7.
24521041
What is -21012010111 (base 3) in base 16?
-228d0
What is d53ccb (base 16) in base 13?
2b83a94
111100010221 (base 3) to base 10
262546
Convert -7022a7 (base 12) to base 14.
-336287
Convert 272a489 (base 12) to base 16.
769c29
What is -3500041 (base 6) in base 14?
-49289
What is -691b4 (base 13) in base 15?
-3bada
What is -1045420 (base 7) in base 4?
-133202122
1aa94 (base 12) to base 5
2231233
Convert -410351 (base 7) to base 11.
-484a6
What is 1100100000000101000 (base 2) in base 3?
202210220212
-2201112000102 (base 3) to base 10
-1447076
What is 203311001 (base 4) in base 8?
436501
Convert -34a1a (base 11) to base 6.
-1025410
What is 101011101000101100 (base 2) in base 16?
2ba2c
30341101 (base 6) to base 16
d40dd
What is 400404410 (base 6) in base 13?
1524837
-18ba55 (base 13) to base 16
-98c2c
What is 8663a (base 16) in base 12?
226676
What is -121541 (base 7) in base 5?
-1202401
Convert -7327552 (base 8) to base 10.
-1945450
What is c33dd (base 14) in base 2?
1110010101111110111
Convert -10100221201 (base 3) to base 12.
-32454
Convert -2212022221011 (base 3) to base 14.
-2b89b8
-112232021 (base 4) to base 11
-63a15
Convert -11121011010122 (base 3) to base 13.
-6773a5
-2264541 (base 12) to base 7
-110054011
1001001001000010101 (base 2) to base 11
195060
What is 10211110021 (base 3) in base 2?
10010011010011010
Convert -6316765 (base 10) to base 8.
-30061335
7772654 (base 8) to base 3
10221102010101
364054 (base 10) to base 7
3044245
Convert -7009 (base 16) to base 3.
-1110100021
What is -83067 (base 15) in base 16?
-655f6
Convert -5045105 (base 8) to base 15.
-1b3edd
Convert -76b9 (base 16) to base 12.
-15709
-505332 (base 12) to base 10
-1253270
Convert -19854a (base 12) to base 6.
-13351334
Convert -90717 (base 10) to base 14.
-250bb
What is 1645021 (base 8) in base 10?
477713
What is 1300252 (base 6) in base 2?
10001000111001000
Convert -112131210010 (base 4) to base 6.
-330112244
What is -1000011111100110000010 (base 2) in base 3?
-11012010021021
Convert -9b498 (base 12) to base 5.
-23100244
89032 (base 12) to base 4
230103212
What is 10010000110000111 (base 2) in base 14?
1d023
5661733 (base 10) to base 7
66060340
What is -1ab111 (base 13) in base 9?
-1247447
Convert -59832 (base 16) to base 2.
-1011001100000110010
-218155 (base 9) to base 8
-377076
What is -30501504 (base 6) in base 2?
-11010110100111110000
What is 93a27a (base 11) in base 10?
1507021
What is 5315510 (base 7) in base 14?
12a4b0
What is -62ba2 (base 16) in base 13?
-1120a8
Convert 97220 (base 11) to base 2.
100010100000100110
-15b4b1 (base 13) to base 8
-2034715
What is 1220041 (base 7) in base 16?
261be
Convert -1146520 (base 7) to base 5.
-14141002
Convert -335301405 (base 6) to base 3.
-102112201111112
572 (base 8) to base 14
1d0
Convert 1100010011111101110 (base 2) to base 15.
7e80d
-6a40b (base 12) to base 5
-14023113
Convert 351891 (base 12) to base 5.
204300130
What is 12b101 (base 12) in base 2?
1001011100011010001
What is 100322100 (base 4) in base 12?
34100
Convert 4512315 (base 6) to base 3.
102112212102
Convert -40222445 (base 6) to base 3.
-2010211201102
Convert 2143514 (base 8) to base 2.
10001100011101001100
What is -2210122212 (base 3) in base 6?
-1103205
What is 2c15d8 (base 14) in base 2?
101111000000111001010
What is -580b5 (base 15) in base 6?
-10001355
What is -1205331 (base 10) in base 16?
-126453
What is 1470a (base 14) in base 3?
2120122112
Convert -1224304300 (base 5) to base 14.
-571ba3
What is 133555 (base 6) in base 3?
122011222
-28395 (base 13) to base 5
-4402302
-14136305 (base 7) to base 11
-822007
What is a5378a (base 12) in base 5?
1131121143
-52122230 (base 7) to base 4
-100230032003
Convert -4643615 (base 7) to base 2.
-10001110001011101001
Convert 30543407 (base 8) to base 16.
62c707
-33462032 (base 7) to base 16
-2c573f
-1624402 (base 7) to base 2
-110110111001011111
4456023 (base 9) to base 12
9784a0
Convert 10122021100112 (base 3) to base 10.
1934294
Convert -1527327 (base 12) to base 10.
-4284175
Convert 10211011210010 (base 3) to base 12.
81b303
What is 23663a (base 11) in base 14?
9a820
What is 13436363 (base 7) in base 16?
131f33
What is -599997 (base 11) in base 5?
-220401243
12abb4 (base 16) to base 9
2264420
What is 2437240 (base 8) in base 15?
d3de7
7461302 (base 8) to base 5
1002210422
What is 132102000321 (base 4) in base 2?
11110010010000000111001
-7a42a7 (base 11) to base 14
-2543b4
What is 211102021110221 (base 3) in base 6?
1103203511
3172847 (base 9) to base 7
20314330
Convert 454106 (base 9) to base 5.
32201004
What is 11020112110012 (base 3) in base 6?
120153005
-334212 (base 6) to base 5
-1400120
-1111010101000110101 (base 2) to base 11
-31344a
What is -9b9b (base 14) in base 6?
-324541
-3001442411 (base 5) to base 6
-330130100
What is 2100001210121 (base 3) in base 10?
1241341
Convert 10000001111000111100 (base 2) to base 15.
a7988
What is 1dd66 (base 14) in base 10?
76726
-1010101010110100100 (base 2) to base 9
-582508
What is 308154 (base 11) in base 8?
1704635
Convert -33332112 (base 5) to base 13.
-a3359
-303000 (base 7) to base 15
-103a0
-14140111 (base 5) to base 3
-21102122211
What is 34c18 (base 15) in base 8?
510242
41845 (base 13) to base 7
1000405
-3570047 (base 9) to base 12
-79412a
196968 (base 10) to base 5
22300333
What is -10524540 (base 6) in base 4?
-1032232230
112110310 (base 4) to base 16
16534
What is 63246 (base 9) in base 3?
2010021120
-999a (base 15) to base 6
-410401
Convert 447210 (base 8) to base 7.
1166514
Convert d792a (base 14) to base 6.
15053202
10531257 (base 8) to base 9
4245260
What is -10001001110101001101 (base 2) in base 8?
-2116515
2001021002000 (base 3) to base 5
234301342
-11023020231 (base 4) to base 13
-386484
What is -21557001 (base 8) in base 16?
-46de01
Convert 86056 (base 10) to base 15.
1a771
Convert 13201331 (base 5) to base 8.
400612
Convert -12410016 (base 7) to base 10.
-1128483
What is 41762402 (base 8) in base 9?
17673640
6463330 (base 7) to base 14
167617
-2042432103 (base 5) to base 14
-7d0261
665361 (base 7) to base 10
117153
What is -10111001111011111110 (base 2) in base 14?
-15b79c
What is -141434 (base 7) in base 3?
-1101000002
1770270 (base 8) to base 13
152b1c
What is 5769cb (base 14) in base 7?
34204444
Convert -12012132212 (base 4) to base 2.
-110000110011110100110
Convert 8ca76 (base 16) to base 7.
4616434
-729a08 (base 11) to base 4
-10131212230
-1324503 (base 6) to base 13
-27684
Convert 4193955 (base 10) to base 11.
2404a87
What is -84abc (base 13) in base 3?
-110011000100
11444410 (base 5) to base 8
325453
Convert 1014300 (base 6) to base 13.
19365
What is 212100201002020 (base 3) in base 8?
57266371
-14b20 (base 14) to base 7
-303240
4201244240 (base 5) to base 3
121012212121221
What is 1100110110011000000 (base 2) in base 7?
3402366
What is -6abd (base 15) in base 12?
-1115a
What is -4677 (base 11) in base 4?
-1133312
Convert 723305 (base 8) to base 10.
239301
Convert 33005245 (base 7) to base 15.
3ac267
Convert 21d364 (base 14) to base 3.
2011110001212
Convert 24555611 (base 7) to base 16.
21cf3b
Convert -14042452 (base 6) to 